/(-2)). Suppose 0 = s - 2*s + 3*k - 8, 4 = -4*k. Let l = s + g. Calculate the greatest common divisor of l and 14.
14
Let w = -313 - -385. Calculate the greatest common factor of w and 774.
18
Let y be 17 + 0 + (2 - 1). Let i(u) = -u**3 + 10*u**2 - 9*u + 16. Let t be i(7). Let v = t - 55. Calculate the greatest common divisor of v and y.
9
Let j(f) = f**3 - 12*f**2 - 11*f + 5. Let n be j(13). Let a = n - 9. What is the greatest common divisor of 44 and a?
22
Suppose -9*z + 84 = 3*z. Let p be 100/7 - (-12)/(-42). Calculate the greatest common divisor of p and z.
7
Suppose -54 = -m + 3*x, -3*m + 114 = -m - 3*x. Suppose -72*t - m = -78*t. What is the greatest common divisor of 25 and t?
5
Suppose -9*b + 51*b = 9240. What is the highest common factor of b and 132?
44
Suppose 3*v - 2*v + 2 = 0. Suppose -a - 3*a = 5*o - 96, -5*o + 120 = 5*a. Let k = a + v. What is the highest common divisor of k and 2?
2
Let z(q) = 5*q**2 - 25*q + 23. Let h be z(1). What is the greatest common factor of h and 123?
3
Let j = 10429 + -6957. What is the greatest common factor of j and 112?
112
Suppose 10*m - 44 = -2*k + 6*m, -4 = 2*m. What is the highest common divisor of 130 and k?
26
Let i(r) = -5*r - 14. Let a be i(-6). Suppose -3*w + 2*k - 3 = -0, 5*k = w - 12. Let c be 190/3 - 2/w. Calculate the highest common divisor of c and a.
16
Let a be -1 - 2 - 37/(-1). Suppose -2*o = -o - a. Suppose -4*q - o = -2*h - 8*q, 4 = -q. Calculate the greatest common factor of h and 5.
5
Let s = 1353 + -1166. What is the highest common factor of s and 176?
11
Let f(s) = 16*s - 8. Let z be f(2). Calculate the greatest common divisor of z and 48.
24
Let c(p) = -3*p + 6. Let u be c(-7). Suppose -2*r + u + 43 = 0. What is the greatest common factor of r and 14?
7
Suppose 0 = 2*j + 5*u - 135, -5*u - 7 + 67 = j. What is the greatest common factor of 30 and j?
15
Let o = -1110 + 1137. Calculate the highest common divisor of o and 783.
27
Suppose -4*o + 137 = 5*i, 5*o - 4*i = i + 115. Calculate the greatest common divisor of o and 30.
2
Let i(s) = -4*s**2 - 2*s - 6. Let c be i(-2). Let o be (9/c)/((14/(-240))/7). Calculate the highest common factor of o and 10.
10
Let n be -1*1 - (-6195)/15. Let j = -236 + n. Calculate the highest common factor of j and 16.
16
Let q(o) = -o**2 + 2*o + 4. Let k be q(0). Let w = 9 + k. Calculate the highest common factor of w and 65.
13
Suppose 5*p - 80 = p. Suppose -28*v + 32*v + 4 = 0. Let a = p + v. Calculate the greatest common divisor of a and 133.
19
Let c be (((-1680)/(-49))/(-8))/((-2)/28). Suppose 2*i = -54 + c. What is the highest common factor of i and 33?
3
Let q be (-140)/(-6)*((-561)/(-22) + 9). What is the greatest common divisor of q and 115?
115
Let u = 12 + 44. Let a be 105*(22/3 + (-10 - -4)). What is the highest common divisor of u and a?
28
Suppose -5*b + 0*l = 4*l - 65, 3*b + 3*l - 42 = 0. What is the highest common divisor of 9 and b?
9
Let l be (-5 - -1) + 2 - (-3 - -1). Suppose 4*m = -l*m + 272. What is the greatest common factor of 102 and m?
34
Suppose -2*i + 13 = 1. Suppose -18 = -i*s - 6. Let b(g) = -g**2 + 8*g - 5. Let w be b(5). What is the greatest common divisor of w and s?
2
Let j = 20 + 4. What is the highest common divisor of j and 8?
8
Let n(v) be the first derivative of 0*v**2 + 2*v - 4 + 1/3*v**3. Let r be n(-3). Calculate the greatest common divisor of r and 1.
1
Let h = -95 + 209. What is the greatest common divisor of h and 6?
6
Suppose 6*n = 3*n + 330. Let i(p) = -p**2 + 2*p + 7. Let j be i(3). Suppose j*l - n = 98. What is the highest common factor of 78 and l?
26
Let n = 2159 + -755. Calculate the greatest common factor of 12 and n.
12
Let b(l) = -9 - 4 - 10*l + 0*l + 2*l. Let m be b(-5). What is the highest common divisor of m and 9?
9
Let o be -13 - -107 - (0 - 1). Let g = 108 - o. Calculate the highest common factor of 208 and g.
13
Suppose 0*z - 348 = -4*z - 3*d, 5*z - 432 = -3*d. Suppose 9*f - 550 = -46. What is the greatest common factor of f and z?
28
Suppose -13*h = 8*h - 273. What is the greatest common factor of h and 260?
13
Let k be (3 + -6)*(-12)/9. Suppose 3*x + 1 = r + 8, -x = k*r - 24. Suppose x = c + c. What is the highest common divisor of 18 and c?
2
Let q be 26 - (1 - (-4 + 7)). Let j = 74 + -32. Calculate the highest common factor of q and j.
14
Let s be (-5)/(-20) + 1*2/(-8). Suppose 2*x + b - 121 = -4*b, 2*x - 2*b - 86 = s. Calculate the greatest common divisor of 120 and x.
24
Let a(x) = -7*x + 85. Let i be a(7). Calculate the greatest common factor of i and 42.
6
Let y = 498 + -413. What is the highest common divisor of 136 and y?
17
Suppose 0 = -4*m + 9 + 15. Suppose -7*u = -8 - m. Suppose t = 2, -2*n + 10 = -u*t - 2*t. Calculate the highest common divisor of n and 9.
9
Let n = 14 - 59. Let q be (-27)/n - 64/(-10). Let h = 171 + -115. Calculate the highest common divisor of q and h.
7
Let k(j) = 15*j + 1. Let r be 1/2*1*2. Let s be k(r). Let c(o) = -o**3 - 6*o**2 + 32*o - 48. Let y be c(-10). What is the greatest common factor of s and y?
16
Let v be (-75)/(-25)*(-170)/(-6). Let z be 3/(-6) - 138/(-4). Calculate the highest common divisor of v and z.
17
Let c(s) = -4*s - 120. Let p be c(-42). What is the highest common divisor of p and 36?
12
Suppose 8*f + 60 = 11*f. Suppose -5*o + 4*o = -f. Suppose 3*r + a = -0*a + 15, 4*r = -5*a + o. Calculate the highest common divisor of 15 and r.
5
Suppose 3*k + 9 - 27 = 0. Suppose 22*p + 63 = 26*p + 3*f, 5*f + 23 = 4*p. Calculate the greatest common divisor of k and p.
6
Let j be (8/10)/((-2)/(-20)*4). Suppose -3*u = -5*g + 55, -g - j = -0*g + 2*u. What is the greatest common divisor of g and 24?
8
Suppose 7*j = 3*j + y + 266, 0 = 2*j + 2*y - 138. Suppose 1672 = 5*u + 3*c, 0 = -2*u + 5*u + 4*c - 1001. Calculate the greatest common divisor of u and j.
67
Let g = 512 - 213. What is the highest common divisor of 46 and g?
23
Let z(h) = -h**2 + 9*h - 5. Let y be z(6). Let o = 19 - -189. What is the greatest common factor of o and y?
13
Let z(o) = 2*o**3 + 2*o**2 + 2*o. Let t be z(4). Suppose 2*l - 26 = 4*c, 0 = l - 0*c + 3*c - 33. What is the highest common factor of l and t?
21
Suppose -2*b + 8 = -6*b. Let i be 11 + b + (0 - 0). Suppose -88*t - 31*t + 357 = 0. Calculate the highest common divisor of i and t.
3
Let g = 39 - 37. Suppose -3*v - 806 = -4*z, 4*z = g*z + 4*v + 398. What is the greatest common divisor of 29 and z?
29
Suppose -34*z + 32*z = -6. Suppose -2 = -3*b - 3*d + 1, -z*d = 5*b - 7. What is the greatest common factor of 3 and b?
1
Let h be (-1)/(-2)*(1865 - 19). Calculate the greatest common divisor of h and 13.
13
Suppose 0 = -36*s + 17*s + 684. What is the highest common divisor of s and 576?
36
Let l be (-18)/(-6)*(2 + -1) - 0. Let c(n) = 3*n**2 - 8*n - 1. Let y be c(l). Calculate the highest common factor of y and 14.
2
Let f(z) = -z**2 - 5*z - 4. Let x be f(-4). Suppose 5*c = -x*c + 375. Let l be (-212)/(-14) + (-1)/7. What is the greatest common factor of c and l?
15
Let n(p) = -p**2 - 4*p - 4. Let y be n(-4). Let w(x) = x**3 + 3*x**2 - 4*x - 2. Let q be w(-3). Let o = q + y. What is the greatest common divisor of 6 and o?
6
Let p = 106 - 100. Suppose 3*g + 75 = p*g. Calculate the greatest common divisor of 5 and g.
5
Let q be (10 - 10) + 2*2. Suppose -z = -6*z - q*f + 1776, 3*f + 1044 = 3*z. What is the highest common divisor of 32 and z?
32
Let s = -8 + 11. Suppose -u - s*j + 72 = 4*u, 0 = -4*u + 2*j + 62. Suppose 0 = -2*n - n + 360. Calculate the highest common divisor of u and n.
15
Let m(o) be the first derivative of o**3/3 - 3*o**2/2 - o - 1. Let v be m(4). Let j = 100 + -67. What is the greatest common factor of v and j?
3
Let f be 2/15 - (-681730)/150. Calculate the highest common divisor of f and 45.
45
Let k(t) = -6*t + 9. Let b be k(7). Let o = -1 - b. Calculate the highest common divisor of o and 48.
16
Let t = 44 - 22. Let u be (126/(-5))/((t/20)/(-11)). Calculate the greatest common divisor of 36 and u.
36
Suppose 408 = 2*o - 346. What is the highest common factor of o and 29?
29
Suppose 10 = 2*c - 2*j, -5*j + 3 - 12 = -c. Let u(t) = t**3 - t**2 - 4*t - 2. Let l be u(c). Let y = 12 + 18. Calculate the greatest common divisor of l and y.
30
Let j be (1 - 3)/(279/57 + -5). Calculate the highest common divisor of 93